{"id":239,"date":"2025-08-23T06:12:56","date_gmt":"2025-08-23T09:12:56","guid":{"rendered":"https:\/\/cursosbecados.com\/portal\/producto\/gestion-de-proyectos-culturales\/"},"modified":"2025-09-27T15:48:02","modified_gmt":"2025-09-27T18:48:02","slug":"gestion-de-proyectos-culturales","status":"publish","type":"product","link":"https:\/\/cursosbecados.com\/portal\/producto\/gestion-de-proyectos-culturales\/","title":{"rendered":"GESTION DE PROYECTOS CULTURALES"},"content":{"rendered":"<p class=\"MsoNormal\" style=\"text-align: justify; line-height: normal; background: #FFFFFF;\"><span lang=\"es-ar\" style=\"font-family: Arial, sans-serif; color: #000000;\" xml:lang=\"es-ar\">La gesti\u00f3n cultural es un campo de estudio que proporciona herramientas para crear, desarrollar, emprender, gestionar y evaluar proyectos en el \u00e1mbito de las organizaciones, empresas e instituciones en el \u00e1mbito de las industrias culturales y creativas.\u00a0<\/span><\/p>\n<p class=\"MsoNormal\" style=\"text-align: justify; line-height: normal; background: #FFFFFF;\"><span lang=\"es-ar\" style=\"font-family: Arial, sans-serif; color: #000000;\" xml:lang=\"es-ar\">La formaci\u00f3n en el \u00e1mbito de la gesti\u00f3n de industrias culturales y creativas se cre\u00f3 para dar respuesta a un crecimiento cada vez mayor a la demanda de productos y servicios en el \u00e1mbito del sector.<\/span><\/p>\n<p class=\"MsoNormal\" style=\"text-align: justify; line-height: normal; background: #FFFFFF;\"><span lang=\"es-ar\" style=\"font-family: Arial, sans-serif; color: #000000;\" xml:lang=\"es-ar\">Los profesionales de la gesti\u00f3n de industrias culturales y creativas son un enlace entre las artes y las profesiones creativas y las competencias de administraci\u00f3n, gesti\u00f3n, emprendimiento, pol\u00edticas culturales, financiaci\u00f3n, direcci\u00f3n, cooperaci\u00f3n, etc.<\/span><\/p>\n<p class=\"MsoNormal\" style=\"text-align: justify;\"><span lang=\"es-ar\" style=\"font-family: Arial, sans-serif; color: #000000; background: #FFFFFF;\" xml:lang=\"es-ar\">Gestionar proyectos culturales implica siempre un desaf\u00edo pol\u00edtico-t\u00e9cnico y t\u00e9cnico-pol\u00edtico. Requiere una visi\u00f3n clara de la finalidad y visi\u00f3n de futuro que se quiere alcanzar, as\u00ed como respecto de los recursos, estrategias y metodolog\u00edas adecuadas de implementaci\u00f3n que garanticen una gesti\u00f3n eficaz, eficiente y con efectividad social. <\/span><\/p>\n","protected":false},"excerpt":{"rendered":"<p>Incorpora herramientas para crear, desarrollar, emprender, gestionar y evaluar proyectos culturales.<\/p>\n","protected":false},"featured_media":312,"comment_status":"open","ping_status":"closed","template":"","meta":{"_joinchat":[]},"product_brand":[],"product_cat":[23],"product_tag":[],"class_list":{"0":"post-239","1":"product","2":"type-product","3":"status-publish","4":"has-post-thumbnail","6":"product_cat-educacion","8":"first","9":"instock","10":"sale","11":"taxable","12":"shipping-taxable","13":"purchasable","14":"product-type-simple"},"yoast_head":"<!-- This site is optimized with the Yoast SEO plugin v26.0 - https:\/\/yoast.com\/wordpress\/plugins\/seo\/ -->\n<title>GESTION DE PROYECTOS CULTURALES - Cursos Becados<\/title>\n<meta name=\"description\" content=\"Incorpora herramientas para crear, desarrollar, emprender, gestionar y evaluar proyectos culturales.\" \/>\n<meta name=\"robots\" content=\"index, follow, max-snippet:-1, max-image-preview:large, max-video-preview:-1\" \/>\n<link rel=\"canonical\" href=\"https:\/\/cursosbecados.com\/portal\/producto\/gestion-de-proyectos-culturales\/\" \/>\n<meta property=\"og:locale\" content=\"es_ES\" \/>\n<meta property=\"og:type\" content=\"article\" \/>\n<meta property=\"og:title\" content=\"GESTION DE PROYECTOS CULTURALES - Cursos Becados\" \/>\n<meta property=\"og:description\" content=\"Incorpora herramientas para crear, desarrollar, emprender, gestionar y evaluar proyectos culturales.\" \/>\n<meta property=\"og:url\" content=\"https:\/\/cursosbecados.com\/portal\/producto\/gestion-de-proyectos-culturales\/\" \/>\n<meta property=\"og:site_name\" content=\"Cursos Becados\" \/>\n<meta property=\"article:modified_time\" content=\"2025-09-27T18:48:02+00:00\" \/>\n<meta property=\"og:image\" content=\"https:\/\/cursosbecados.com\/portal\/wp-content\/uploads\/2025\/08\/Gestion-de-Proyectos-Culturales.jpg\" \/>\n\t<meta property=\"og:image:width\" content=\"640\" \/>\n\t<meta property=\"og:image:height\" content=\"425\" \/>\n\t<meta property=\"og:image:type\" content=\"image\/jpeg\" \/>\n<meta name=\"twitter:card\" content=\"summary_large_image\" \/>\n<meta name=\"twitter:label1\" content=\"Tiempo de lectura\" \/>\n\t<meta name=\"twitter:data1\" content=\"1 minuto\" \/>\n<script type=\"application\/ld+json\" class=\"yoast-schema-graph\">{\"@context\":\"https:\/\/schema.org\",\"@graph\":[{\"@type\":\"WebPage\",\"@id\":\"https:\/\/cursosbecados.com\/portal\/producto\/gestion-de-proyectos-culturales\/\",\"url\":\"https:\/\/cursosbecados.com\/portal\/producto\/gestion-de-proyectos-culturales\/\",\"name\":\"GESTION DE PROYECTOS CULTURALES - Cursos Becados\",\"isPartOf\":{\"@id\":\"https:\/\/cursosbecados.com\/portal\/#website\"},\"primaryImageOfPage\":{\"@id\":\"https:\/\/cursosbecados.com\/portal\/producto\/gestion-de-proyectos-culturales\/#primaryimage\"},\"image\":{\"@id\":\"https:\/\/cursosbecados.com\/portal\/producto\/gestion-de-proyectos-culturales\/#primaryimage\"},\"thumbnailUrl\":\"https:\/\/cursosbecados.com\/portal\/wp-content\/uploads\/2025\/08\/Gestion-de-Proyectos-Culturales.jpg\",\"datePublished\":\"2025-08-23T09:12:56+00:00\",\"dateModified\":\"2025-09-27T18:48:02+00:00\",\"description\":\"Incorpora herramientas para crear, desarrollar, emprender, gestionar y evaluar proyectos culturales.\",\"breadcrumb\":{\"@id\":\"https:\/\/cursosbecados.com\/portal\/producto\/gestion-de-proyectos-culturales\/#breadcrumb\"},\"inLanguage\":\"es-AR\",\"potentialAction\":[{\"@type\":\"ReadAction\",\"target\":[\"https:\/\/cursosbecados.com\/portal\/producto\/gestion-de-proyectos-culturales\/\"]}]},{\"@type\":\"ImageObject\",\"inLanguage\":\"es-AR\",\"@id\":\"https:\/\/cursosbecados.com\/portal\/producto\/gestion-de-proyectos-culturales\/#primaryimage\",\"url\":\"https:\/\/cursosbecados.com\/portal\/wp-content\/uploads\/2025\/08\/Gestion-de-Proyectos-Culturales.jpg\",\"contentUrl\":\"https:\/\/cursosbecados.com\/portal\/wp-content\/uploads\/2025\/08\/Gestion-de-Proyectos-Culturales.jpg\",\"width\":640,\"height\":425},{\"@type\":\"BreadcrumbList\",\"@id\":\"https:\/\/cursosbecados.com\/portal\/producto\/gestion-de-proyectos-culturales\/#breadcrumb\",\"itemListElement\":[{\"@type\":\"ListItem\",\"position\":1,\"name\":\"Home\",\"item\":\"https:\/\/cursosbecados.com\/portal\/\"},{\"@type\":\"ListItem\",\"position\":2,\"name\":\"Nuestros Cursos\",\"item\":\"https:\/\/cursosbecados.com\/portal\/tienda\/\"},{\"@type\":\"ListItem\",\"position\":3,\"name\":\"GESTION DE PROYECTOS CULTURALES\"}]},{\"@type\":\"WebSite\",\"@id\":\"https:\/\/cursosbecados.com\/portal\/#website\",\"url\":\"https:\/\/cursosbecados.com\/portal\/\",\"name\":\"Cursos Becados\",\"description\":\"El futuro en tus manos\",\"potentialAction\":[{\"@type\":\"SearchAction\",\"target\":{\"@type\":\"EntryPoint\",\"urlTemplate\":\"https:\/\/cursosbecados.com\/portal\/?s={search_term_string}\"},\"query-input\":{\"@type\":\"PropertyValueSpecification\",\"valueRequired\":true,\"valueName\":\"search_term_string\"}}],\"inLanguage\":\"es-AR\"}]}<\/script>\n<!-- \/ Yoast SEO plugin. -->","yoast_head_json":{"title":"GESTION DE PROYECTOS CULTURALES - Cursos Becados","description":"Incorpora herramientas para crear, desarrollar, emprender, gestionar y evaluar proyectos culturales.","robots":{"index":"index","follow":"follow","max-snippet":"max-snippet:-1","max-image-preview":"max-image-preview:large","max-video-preview":"max-video-preview:-1"},"canonical":"https:\/\/cursosbecados.com\/portal\/producto\/gestion-de-proyectos-culturales\/","og_locale":"es_ES","og_type":"article","og_title":"GESTION DE PROYECTOS CULTURALES - Cursos Becados","og_description":"Incorpora herramientas para crear, desarrollar, emprender, gestionar y evaluar proyectos culturales.","og_url":"https:\/\/cursosbecados.com\/portal\/producto\/gestion-de-proyectos-culturales\/","og_site_name":"Cursos Becados","article_modified_time":"2025-09-27T18:48:02+00:00","og_image":[{"width":640,"height":425,"url":"https:\/\/cursosbecados.com\/portal\/wp-content\/uploads\/2025\/08\/Gestion-de-Proyectos-Culturales.jpg","type":"image\/jpeg"}],"twitter_card":"summary_large_image","twitter_misc":{"Tiempo de lectura":"1 minuto"},"schema":{"@context":"https:\/\/schema.org","@graph":[{"@type":"WebPage","@id":"https:\/\/cursosbecados.com\/portal\/producto\/gestion-de-proyectos-culturales\/","url":"https:\/\/cursosbecados.com\/portal\/producto\/gestion-de-proyectos-culturales\/","name":"GESTION DE PROYECTOS CULTURALES - Cursos Becados","isPartOf":{"@id":"https:\/\/cursosbecados.com\/portal\/#website"},"primaryImageOfPage":{"@id":"https:\/\/cursosbecados.com\/portal\/producto\/gestion-de-proyectos-culturales\/#primaryimage"},"image":{"@id":"https:\/\/cursosbecados.com\/portal\/producto\/gestion-de-proyectos-culturales\/#primaryimage"},"thumbnailUrl":"https:\/\/cursosbecados.com\/portal\/wp-content\/uploads\/2025\/08\/Gestion-de-Proyectos-Culturales.jpg","datePublished":"2025-08-23T09:12:56+00:00","dateModified":"2025-09-27T18:48:02+00:00","description":"Incorpora herramientas para crear, desarrollar, emprender, gestionar y evaluar proyectos culturales.","breadcrumb":{"@id":"https:\/\/cursosbecados.com\/portal\/producto\/gestion-de-proyectos-culturales\/#breadcrumb"},"inLanguage":"es-AR","potentialAction":[{"@type":"ReadAction","target":["https:\/\/cursosbecados.com\/portal\/producto\/gestion-de-proyectos-culturales\/"]}]},{"@type":"ImageObject","inLanguage":"es-AR","@id":"https:\/\/cursosbecados.com\/portal\/producto\/gestion-de-proyectos-culturales\/#primaryimage","url":"https:\/\/cursosbecados.com\/portal\/wp-content\/uploads\/2025\/08\/Gestion-de-Proyectos-Culturales.jpg","contentUrl":"https:\/\/cursosbecados.com\/portal\/wp-content\/uploads\/2025\/08\/Gestion-de-Proyectos-Culturales.jpg","width":640,"height":425},{"@type":"BreadcrumbList","@id":"https:\/\/cursosbecados.com\/portal\/producto\/gestion-de-proyectos-culturales\/#breadcrumb","itemListElement":[{"@type":"ListItem","position":1,"name":"Home","item":"https:\/\/cursosbecados.com\/portal\/"},{"@type":"ListItem","position":2,"name":"Nuestros Cursos","item":"https:\/\/cursosbecados.com\/portal\/tienda\/"},{"@type":"ListItem","position":3,"name":"GESTION DE PROYECTOS CULTURALES"}]},{"@type":"WebSite","@id":"https:\/\/cursosbecados.com\/portal\/#website","url":"https:\/\/cursosbecados.com\/portal\/","name":"Cursos Becados","description":"El futuro en tus manos","potentialAction":[{"@type":"SearchAction","target":{"@type":"EntryPoint","urlTemplate":"https:\/\/cursosbecados.com\/portal\/?s={search_term_string}"},"query-input":{"@type":"PropertyValueSpecification","valueRequired":true,"valueName":"search_term_string"}}],"inLanguage":"es-AR"}]}},"_links":{"self":[{"href":"https:\/\/cursosbecados.com\/portal\/wp-json\/wp\/v2\/product\/239","targetHints":{"allow":["GET"]}}],"collection":[{"href":"https:\/\/cursosbecados.com\/portal\/wp-json\/wp\/v2\/product"}],"about":[{"href":"https:\/\/cursosbecados.com\/portal\/wp-json\/wp\/v2\/types\/product"}],"replies":[{"embeddable":true,"href":"https:\/\/cursosbecados.com\/portal\/wp-json\/wp\/v2\/comments?post=239"}],"wp:featuredmedia":[{"embeddable":true,"href":"https:\/\/cursosbecados.com\/portal\/wp-json\/wp\/v2\/media\/312"}],"wp:attachment":[{"href":"https:\/\/cursosbecados.com\/portal\/wp-json\/wp\/v2\/media?parent=239"}],"wp:term":[{"taxonomy":"product_brand","embeddable":true,"href":"https:\/\/cursosbecados.com\/portal\/wp-json\/wp\/v2\/product_brand?post=239"},{"taxonomy":"product_cat","embeddable":true,"href":"https:\/\/cursosbecados.com\/portal\/wp-json\/wp\/v2\/product_cat?post=239"},{"taxonomy":"product_tag","embeddable":true,"href":"https:\/\/cursosbecados.com\/portal\/wp-json\/wp\/v2\/product_tag?post=239"}],"curies":[{"name":"wp","href":"https:\/\/api.w.org\/{rel}","templated":true}]}}